3?
3, 337, 65983
What are the prime factors of 3843948847?
3843948847
List the prime factors of 6699818509.
151, 44369659
List the prime factors of 386405503.
11, 35127773
List the prime factors of 3593518.
2, 1796759
What are the prime factors of 83928762?
2, 3, 17, 274277
What are the prime factors of 89716657?
6299, 14243
What are the prime factors of 3382769934?
2, 3, 187931663
What are the prime factors of 149451225?
3, 5, 7, 11, 3697
What are the prime factors of 60519224?
2, 67, 112909
List the prime factors of 1539500354.
2, 7, 23, 4781057
What are the prime factors of 185062060?
2, 5, 9253103
What are the prime factors of 142030232?
2, 41, 173, 2503
List the prime factors of 1180680534.
2, 3, 11, 1823, 3271
List the prime factors of 289689645.
3, 5, 7, 2758949
List the prime factors of 3666733396.
2, 521, 1759469
List the prime factors of 45540918.
2, 3, 97, 26083
What are the prime factors of 25349301?
3, 97, 9679
List the prime factors of 1430659720.
2, 5, 7, 19, 268921
What are the prime factors of 694120743?
3, 601, 128327
What are the prime factors of 246864780?
2, 3, 5, 31, 14747
List the prime factors of 72797878.
2, 41, 107, 8297
What are the prime factors of 119201610?
2, 3, 5, 11, 361217
List the prime factors of 84881533.
11, 7716503
List the prime factors of 1163408578.
2, 47, 12376687
List the prime factors of 382508447.
199, 1922153
What are the prime factors of 138940900?
2, 5, 7, 73, 2719
What are the prime factors of 5383923971?
5383923971
List the prime factors of 870435972.
2, 3, 7, 17, 203183
List the prime factors of 375975224.
2, 46996903
List the prime factors of 300279453.
3, 937, 106823
List the prime factors of 368522250.
2, 3, 5, 53, 73, 127
What are the prime factors of 107756289?
3, 47, 269, 947
What are the prime factors of 315139083?
3, 7, 401, 37423
List the prime factors of 21001813.
7, 227, 13217
List the prime factors of 1413293671.
1413293671
List the prime factors of 120546406.
2, 89, 677227
What are the prime factors of 317024436?
2, 3, 37, 67, 10657
What are the prime factors of 4949201005?
5, 7, 107, 1321549
What are the prime factors of 159795534?
2, 3, 101, 457, 577
What are the prime factors of 1834146930?
2, 3, 5, 7, 11, 31, 3659
List the prime factors of 164820121.
373, 441877
What are the prime factors of 100307149?
100307149
List the prime factors of 530448065.
5, 7, 191, 79349
What are the prime factors of 1567858161?
3, 269, 449, 4327
What are the prime factors of 4760617781?
53, 89822977
What are the prime factors of 36463692?
2, 3, 613, 4957
List the prime factors of 3034823891.
11, 787, 350563
What are the prime factors of 684719634?
2, 3, 5417, 21067
What are the prime factors of 1333810696?
2, 283, 589139
List the prime factors of 888067285.
5, 7, 25373351
List the prime factors of 143977281.
3, 7, 41, 167221
What are the prime factors of 25228736?
2, 13, 30323
What are the prime factors of 81049782?
2, 3, 11, 19, 64633
List the prime factors of 49510265.
5, 7, 1151, 1229
What are the prime factors of 249134962?
2, 5737, 21713
List the prime factors of 23974867.
7, 489283
What are the prime factors of 1784482496?
2, 27882539
What are the prime factors of 2133432058?
2, 1066716029
List the prime factors of 2955893127.
3, 11, 89572519
What are the prime factors of 51665015?
5, 23, 449261
List the prime factors of 771604952.
2, 53, 293, 6211
What are the prime factors of 5595981?
3, 1865327
What are the prime factors of 8028519139?
8028519139
What are the prime factors of 165578725?
5, 13, 17, 23, 1303
What are the prime factors of 31778487?
3, 13, 103, 293
What are the prime factors of 248153770?
2, 5, 1873, 13249
What are the prime factors of 4867112?
2, 608389
What are the prime factors of 1525570341?
3, 19301, 26347
What are the prime factors of 1651533336?
2, 3, 43, 83, 6427
What are the prime factors of 91872695?
5, 19, 23, 2213
List the prime factors of 926786526.
2, 3, 154464421
List the prime factors of 3315472282.
2, 509, 1223, 2663
List the prime factors of 99280016.
2, 11, 19, 2699
List the prime factors of 70124600.
2, 5, 7, 13, 3853
What are the prime factors of 68372297?
7, 41, 34033
What are the prime factors of 48899783?
139, 351797
What are the prime factors of 15799544?
2, 467, 4229
What are the prime factors of 760932?
2, 3, 23, 919
List the prime factors of 39274789.
61, 643849
List the prime factors of 937634947.
7669, 122263
List the prime factors of 2869967969.
11, 443, 588953
List the prime factors of 55869650.
2, 5, 17, 65729
What are the prime factors of 526036202?
2, 17, 199, 77747
List the prime factors of 19540400.
2, 5, 11, 4441
List the prime factors of 250456830.
2, 3, 5, 13, 642197
List the prime factors of 2659878550.
2, 5, 7, 29, 271, 967
What are the prime factors of 547129299?
3, 182376433
List the prime factors of 2546807747.
11, 19, 59, 241, 857
List the prime factors of 108642635.
5, 21728527
List the prime factors of 1561567007.
7, 11, 13, 1560007
List the prime factors of 1052840803.
7, 1249, 17203
List the prime factors of 1361451547.
211, 6452377
List the prime factors of 133053276.
2, 3, 19, 29, 20123
What are the prime factors of 87181009?
401, 217409
What are the prime factors of 1013835632?
2, 63364727
List the prime factors of 496489785.
3, 5, 11, 1093, 2753
List the prime factors of 95835754.
2, 7, 331, 20681
List the prime factors of 3069470447.
3069470447
List the prime factors of 73434195.
3, 5, 31, 5849
List the prime factors of 66750525.
3, 5, 296669
List the prime factors of 94840443.
3, 67, 103, 509
What are the prime factors of 147306494?
2, 661, 111427
What are the prime factors of 213252970?
2, 5, 7, 3046471
List the prime factors of 980820845.
5, 196164169
List the prime factors of 80551865.
5, 17, 23, 41203
What are the prime factors of 105479132?
2, 11, 193, 12421
List the prime factors of 12572081.
31, 67, 6053
What are the prime factors of 372113787?
3, 43, 2884603
List the prime factors of 287032954.
2, 13, 127, 86927
List the prime factors of 2917743628.
2, 149, 379, 12917
List the prime factors of 39941788.
2, 9985447
What are the prime factors of 32270197?
32270197
List the prime factors of 1820253394.
2, 73, 12467489
List the prime factors of 77425311.
3, 25808437
List the prime factors of 169748186.
2, 84874093
What are the prime factors of 1613675983?
1613675983
List the prime factors of 1002176370.
2, 3, 5, 13, 31, 27631
List the prime factors of 121141.
23, 229
List the prime factors of 2722552737.
3, 17, 167, 373, 857
What are the prime factors of 2530979335?
5, 506195867
List the prime factors of 454216097.
454216097
List the prime factors of 3074660329.
13, 79, 2993827
What are the prime factors of 322257583?
353, 912911
List the prime factors of 91387843.
91387843
What are the prime factors of 759177831?
3, 9391, 26947
What are the prime factors of 89482352?
2, 79, 70793
List the prime factors of 14944577.
71, 210487
What are the prime factors of 66869313?
3, 7, 17, 79, 2371
What are the prime factors of 33105253?
33105253
List the prime factors of 158816403.
3, 23, 255743
List the prime factors of 18594125.
5, 11, 13523
What are the prime factors of 5059487431?
53, 73, 419, 3121
List the prime factors of 211366734.
2, 3, 23, 599, 2557
What are the prime factors of 4203015611?
4203015611
What are the prime factors of 4011476742?
2, 3, 7, 13, 859, 2851
What are the prime factors of 1653970846?
2, 11, 75180493
What are the prime factors of 5798048603?
131, 44259913
List the prime factors of 148642880.
2, 5, 223, 2083
List the prime factors of 129060206.
2, 11, 5866373
What are the prime factors of 329213623?
329213623
What are the prime factors of 68550252?
2, 3, 19, 47, 6397
What are the prime factors of 53351248?
2, 31, 107563
What are the prime factors of 35624425?
5, 31, 43, 1069
List the prime factors of 2336777956.
2, 2293, 254773
List the prime factors of 83967717.
3, 27989239
List the prime factors of 2005617031.
11, 59, 3090319
What are the prime factors of 132521901?
3, 37, 449, 2659
What are the prime factors of 696951353?
7, 43, 67, 4937
List the prime factors of 439939845.
3, 5, 9776441
What are the prime factors of 25534305?
3, 5, 73, 2591
What are the prime factors of 3807126487?
45317, 84